{"id":21,"date":"2011-09-16T12:08:37","date_gmt":"2011-09-16T12:08:37","guid":{"rendered":"http:\/\/www.reitanlage-oeberau.de\/reitstall\/wordpress\/?page_id=21"},"modified":"2022-07-04T08:29:36","modified_gmt":"2022-07-04T08:29:36","slug":"hunde","status":"publish","type":"page","link":"http:\/\/www.reitanlage-oeberau.de\/?page_id=21","title":{"rendered":"Hunde"},"content":{"rendered":"<p>Die zweite gro\u00dfe Leidenschaft der Familie Emmerdinger gilt den Sch\u00e4ferhunden. Durch den Hundesport haben sich Geli und Heli vor \u00fcber 30 Jahren kennengelernt. Im SV Ortsgruppe W\u00f6rth sind die beiden aktive Mitglieder.<\/p>\n<h2><span class=\"showTitle\">Edgar von Gondor<\/span><\/h2>\n<p><span class=\"showTitle\">Wurftag: 09.12.2016<br \/>\n<\/span>HD-ZW 67, GR-ZW 104 (02\/19)<\/p>\n\n<div class='gallery'><dl class='gallery-item'>\n\t\t\t<dt class='gallery-icon portrait'>\n\t\t\t\t<a href='http:\/\/www.reitanlage-oeberau.de\/?attachment_id=653'><img width=\"150\" height=\"150\" src=\"http:\/\/www.reitanlage-oeberau.de\/reitstall\/wordpress\/wp-content\/uploads\/2019\/06\/eb797e59-133a-479d-be95-52d8e66856c9-150x150.jpg\" class=\"attachment-thumbnail size-thumbnail colorbox-21 \" alt=\"\" loading=\"lazy\" \/><\/a>\n\t\t\t<\/dt><\/dl><dl class='gallery-item'>\n\t\t\t<dt class='gallery-icon portrait'>\n\t\t\t\t<a href='http:\/\/www.reitanlage-oeberau.de\/?attachment_id=649'><img width=\"150\" height=\"150\" src=\"http:\/\/www.reitanlage-oeberau.de\/reitstall\/wordpress\/wp-content\/uploads\/2019\/06\/b7d3d444-fdee-4984-af9a-4b586bcd8a8c-150x150.jpg\" class=\"attachment-thumbnail size-thumbnail colorbox-21 \" alt=\"\" loading=\"lazy\" \/><\/a>\n\t\t\t<\/dt><\/dl><dl class='gallery-item'>\n\t\t\t<dt class='gallery-icon portrait'>\n\t\t\t\t<a href='http:\/\/www.reitanlage-oeberau.de\/?attachment_id=647'><img width=\"150\" height=\"150\" src=\"http:\/\/www.reitanlage-oeberau.de\/reitstall\/wordpress\/wp-content\/uploads\/2019\/06\/83995022-eb0a-4a24-81fc-df3fe2576f7a-150x150.jpg\" class=\"attachment-thumbnail size-thumbnail colorbox-21 \" alt=\"unser Edgar\" loading=\"lazy\" \/><\/a>\n\t\t\t<\/dt><\/dl><dl class='gallery-item'>\n\t\t\t<dt class='gallery-icon landscape'>\n\t\t\t\t<a href='http:\/\/www.reitanlage-oeberau.de\/?attachment_id=655'><img width=\"150\" height=\"150\" src=\"http:\/\/www.reitanlage-oeberau.de\/reitstall\/wordpress\/wp-content\/uploads\/2019\/06\/7a25b65a-a752-4685-b0ca-067404ecae43-150x150.jpg\" class=\"attachment-thumbnail size-thumbnail colorbox-21 \" alt=\"\" loading=\"lazy\" \/><\/a>\n\t\t\t<\/dt><\/dl><br style=\"clear: both\" \/>\n\t\t<\/div>\n\n<h2><strong>Amica Prielberger H\u00f6h<\/strong><\/h2>\n\n<div class='gallery'><dl class='gallery-item'>\n\t\t\t<dt class='gallery-icon portrait'>\n\t\t\t\t<a href='http:\/\/www.reitanlage-oeberau.de\/reitstall\/wordpress\/wp-content\/uploads\/2019\/06\/b56398e6-4955-43a2-bc5b-a6ff1f7cafc6-e1560500462146.jpg'><img width=\"150\" height=\"150\" src=\"http:\/\/www.reitanlage-oeberau.de\/reitstall\/wordpress\/wp-content\/uploads\/2019\/06\/b56398e6-4955-43a2-bc5b-a6ff1f7cafc6-150x150.jpg\" class=\"attachment-thumbnail size-thumbnail colorbox-21 \" alt=\"\" loading=\"lazy\" \/><\/a>\n\t\t\t<\/dt><\/dl><dl class='gallery-item'>\n\t\t\t<dt class='gallery-icon portrait'>\n\t\t\t\t<a href='http:\/\/www.reitanlage-oeberau.de\/reitstall\/wordpress\/wp-content\/uploads\/2019\/06\/d2a834c9-99fc-45e7-87fc-e41d0e9710b0-e1560500451526.jpg'><img width=\"150\" height=\"150\" src=\"http:\/\/www.reitanlage-oeberau.de\/reitstall\/wordpress\/wp-content\/uploads\/2019\/06\/d2a834c9-99fc-45e7-87fc-e41d0e9710b0-150x150.jpg\" class=\"attachment-thumbnail size-thumbnail colorbox-21 \" alt=\"\" loading=\"lazy\" \/><\/a>\n\t\t\t<\/dt><\/dl><dl class='gallery-item'>\n\t\t\t<dt class='gallery-icon portrait'>\n\t\t\t\t<a href='http:\/\/www.reitanlage-oeberau.de\/reitstall\/wordpress\/wp-content\/uploads\/2019\/06\/0edeb67a-7f8e-4322-a88e-5b8efbae6a31-e1560500494536.jpg'><img width=\"150\" height=\"150\" src=\"http:\/\/www.reitanlage-oeberau.de\/reitstall\/wordpress\/wp-content\/uploads\/2019\/06\/0edeb67a-7f8e-4322-a88e-5b8efbae6a31-150x150.jpg\" class=\"attachment-thumbnail size-thumbnail colorbox-21 \" alt=\"\" loading=\"lazy\" \/><\/a>\n\t\t\t<\/dt><\/dl><br style=\"clear: both\" \/>\n\t\t<\/div>\n\n<h2><a href=\"http:\/\/www.working-dog.eu\/dogs-details\/956862\/Xally-vom-Hessenstein\">Xally vom Hessenstein<\/a><\/h2>\n<p style=\"text-align: left;\"><a href=\"http:\/\/www.reitanlage-oeberau.de\/reitstall\/wordpress\/wp-content\/uploads\/2011\/09\/IMG_7695.jpg\"><img loading=\"lazy\" class=\"size-medium wp-image-416 colorbox-21\" title=\"IMG_7695\" src=\"http:\/\/www.reitanlage-oeberau.de\/reitstall\/wordpress\/wp-content\/uploads\/2011\/09\/IMG_7695-300x199.jpg\" alt=\"\" width=\"300\" height=\"199\" srcset=\"http:\/\/www.reitanlage-oeberau.de\/reitstall\/wordpress\/wp-content\/uploads\/2011\/09\/IMG_7695-300x199.jpg 300w, http:\/\/www.reitanlage-oeberau.de\/reitstall\/wordpress\/wp-content\/uploads\/2011\/09\/IMG_7695.jpg 800w\" sizes=\"(max-width: 300px) 100vw, 300px\" \/><\/a><\/p>\n<p>Wurftag : 14.11.2010<\/p>\n<p>IPO 1\u00a0 am 17.11.2013 bestanden mit<br \/>\nA \/98<br \/>\nB\/97<br \/>\nC\/96<br \/>\nGesamt: 291\u00a0 V<\/p>\n<p>IPO2 am 02.11.2014<br \/>\nA\/100<br \/>\nB\/92<br \/>\nC\/91<br \/>\nGesamt:283 SG<\/p>\n<p><strong>In Memorian:<\/strong><\/p>\n<h2><a href=\"http:\/\/www.working-dog.eu\/dogs-details\/696193\/Bora-vom-Prielberg\">Bora vom Prielberg &amp; Quinci vom Kammberg<\/a><\/h2>\n<p style=\"text-align: left;\"><a href=\"http:\/\/www.reitanlage-oeberau.de\/reitstall\/wordpress\/wp-content\/uploads\/2011\/09\/DSC_0048.jpg\"><img loading=\"lazy\" class=\"size-medium wp-image-417 alignleft colorbox-21\" title=\"DSC_0048\" src=\"http:\/\/www.reitanlage-oeberau.de\/reitstall\/wordpress\/wp-content\/uploads\/2011\/09\/DSC_0048-199x300.jpg\" alt=\"\" width=\"199\" height=\"300\" srcset=\"http:\/\/www.reitanlage-oeberau.de\/reitstall\/wordpress\/wp-content\/uploads\/2011\/09\/DSC_0048-199x300.jpg 199w, http:\/\/www.reitanlage-oeberau.de\/reitstall\/wordpress\/wp-content\/uploads\/2011\/09\/DSC_0048.jpg 531w\" sizes=\"(max-width: 199px) 100vw, 199px\" \/><\/a><\/p>\n<p>Wurftag: 12.09.2006<br \/>\nSchH3<\/p>\n\n<div class='gallery'><dl class='gallery-item'>\n\t\t\t<dt class='gallery-icon portrait'>\n\t\t\t\t<a href='http:\/\/www.reitanlage-oeberau.de\/reitstall\/wordpress\/wp-content\/uploads\/2011\/09\/02.jpg'><img width=\"150\" height=\"150\" src=\"http:\/\/www.reitanlage-oeberau.de\/reitstall\/wordpress\/wp-content\/uploads\/2011\/09\/02-150x150.jpg\" class=\"attachment-thumbnail size-thumbnail colorbox-21 \" alt=\"\" loading=\"lazy\" \/><\/a>\n\t\t\t<\/dt><\/dl><dl class='gallery-item'>\n\t\t\t<dt class='gallery-icon landscape'>\n\t\t\t\t<a href='http:\/\/www.reitanlage-oeberau.de\/reitstall\/wordpress\/wp-content\/uploads\/2011\/09\/02.03.11-2.jpg'><img width=\"150\" height=\"150\" src=\"http:\/\/www.reitanlage-oeberau.de\/reitstall\/wordpress\/wp-content\/uploads\/2011\/09\/02.03.11-2-150x150.jpg\" class=\"attachment-thumbnail size-thumbnail colorbox-21 \" alt=\"\" loading=\"lazy\" \/><\/a>\n\t\t\t<\/dt><\/dl><dl class='gallery-item'>\n\t\t\t<dt class='gallery-icon landscape'>\n\t\t\t\t<a href='http:\/\/www.reitanlage-oeberau.de\/reitstall\/wordpress\/wp-content\/uploads\/2011\/09\/IMG_2099.jpg'><img width=\"150\" height=\"150\" src=\"http:\/\/www.reitanlage-oeberau.de\/reitstall\/wordpress\/wp-content\/uploads\/2011\/09\/IMG_2099-150x150.jpg\" class=\"attachment-thumbnail size-thumbnail colorbox-21 \" alt=\"\" loading=\"lazy\" \/><\/a>\n\t\t\t<\/dt><\/dl><dl class='gallery-item'>\n\t\t\t<dt class='gallery-icon landscape'>\n\t\t\t\t<a href='http:\/\/www.reitanlage-oeberau.de\/reitstall\/wordpress\/wp-content\/uploads\/2011\/09\/Bora-und-Finn.jpg'><img width=\"150\" height=\"150\" src=\"http:\/\/www.reitanlage-oeberau.de\/reitstall\/wordpress\/wp-content\/uploads\/2011\/09\/Bora-und-Finn-150x150.jpg\" class=\"attachment-thumbnail size-thumbnail colorbox-21 \" alt=\"\" loading=\"lazy\" \/><\/a>\n\t\t\t<\/dt><\/dl><br style=\"clear: both\" \/><dl class='gallery-item'>\n\t\t\t<dt class='gallery-icon landscape'>\n\t\t\t\t<a href='http:\/\/www.reitanlage-oeberau.de\/reitstall\/wordpress\/wp-content\/uploads\/2011\/09\/IMG_5808.jpg'><img width=\"150\" height=\"150\" src=\"http:\/\/www.reitanlage-oeberau.de\/reitstall\/wordpress\/wp-content\/uploads\/2011\/09\/IMG_5808-150x150.jpg\" class=\"attachment-thumbnail size-thumbnail colorbox-21 \" alt=\"\" loading=\"lazy\" \/><\/a>\n\t\t\t<\/dt><\/dl><dl class='gallery-item'>\n\t\t\t<dt class='gallery-icon landscape'>\n\t\t\t\t<a href='http:\/\/www.reitanlage-oeberau.de\/reitstall\/wordpress\/wp-content\/uploads\/2011\/09\/IMG_5832.jpg'><img width=\"150\" height=\"150\" src=\"http:\/\/www.reitanlage-oeberau.de\/reitstall\/wordpress\/wp-content\/uploads\/2011\/09\/IMG_5832-150x150.jpg\" class=\"attachment-thumbnail size-thumbnail colorbox-21 \" alt=\"\" loading=\"lazy\" \/><\/a>\n\t\t\t<\/dt><\/dl><dl class='gallery-item'>\n\t\t\t<dt class='gallery-icon landscape'>\n\t\t\t\t<a href='http:\/\/www.reitanlage-oeberau.de\/reitstall\/wordpress\/wp-content\/uploads\/2011\/09\/02.03.11-4.jpg'><img width=\"150\" height=\"150\" src=\"http:\/\/www.reitanlage-oeberau.de\/reitstall\/wordpress\/wp-content\/uploads\/2011\/09\/02.03.11-4-150x150.jpg\" class=\"attachment-thumbnail size-thumbnail colorbox-21 \" alt=\"\" loading=\"lazy\" \/><\/a>\n\t\t\t<\/dt><\/dl><dl class='gallery-item'>\n\t\t\t<dt class='gallery-icon landscape'>\n\t\t\t\t<a href='http:\/\/www.reitanlage-oeberau.de\/reitstall\/wordpress\/wp-content\/uploads\/2011\/09\/xalli_21.jpg'><img width=\"150\" height=\"150\" src=\"http:\/\/www.reitanlage-oeberau.de\/reitstall\/wordpress\/wp-content\/uploads\/2011\/09\/xalli_21-150x150.jpg\" class=\"attachment-thumbnail size-thumbnail colorbox-21 \" alt=\"\" loading=\"lazy\" \/><\/a>\n\t\t\t<\/dt><\/dl><br style=\"clear: both\" \/><dl class='gallery-item'>\n\t\t\t<dt class='gallery-icon landscape'>\n\t\t\t\t<a href='http:\/\/www.reitanlage-oeberau.de\/reitstall\/wordpress\/wp-content\/uploads\/2011\/09\/Donaupost-e1415301366668.jpg'><img width=\"150\" height=\"150\" src=\"http:\/\/www.reitanlage-oeberau.de\/reitstall\/wordpress\/wp-content\/uploads\/2011\/09\/Donaupost-150x150.jpg\" class=\"attachment-thumbnail size-thumbnail colorbox-21 \" alt=\"\" loading=\"lazy\" \/><\/a>\n\t\t\t<\/dt><\/dl>\n\t\t\t<br style='clear: both' \/>\n\t\t<\/div>\n\n","protected":false},"excerpt":{"rendered":"<p>Die zweite gro\u00dfe Leidenschaft der Familie Emmerdinger gilt den Sch\u00e4ferhunden. Durch den Hundesport haben sich Geli und Heli vor \u00fcber 30 Jahren kennengelernt. Im SV Ortsgruppe W\u00f6rth sind die beiden aktive Mitglieder. Edgar von Gondor Wurftag: 09.12.2016 HD-ZW 67, GR-ZW &hellip; <a href=\"http:\/\/www.reitanlage-oeberau.de\/?page_id=21\">Lesen Sie mehr&#8230;&#8230;<span class=\"meta-nav\">&rarr;<\/span><\/a><\/p>\n","protected":false},"author":1,"featured_media":0,"parent":0,"menu_order":0,"comment_status":"closed","ping_status":"open","template":"","meta":[],"_links":{"self":[{"href":"http:\/\/www.reitanlage-oeberau.de\/index.php?rest_route=\/wp\/v2\/pages\/21"}],"collection":[{"href":"http:\/\/www.reitanlage-oeberau.de\/index.php?rest_route=\/wp\/v2\/pages"}],"about":[{"href":"http:\/\/www.reitanlage-oeberau.de\/index.php?rest_route=\/wp\/v2\/types\/page"}],"author":[{"embeddable":true,"href":"http:\/\/www.reitanlage-oeberau.de\/index.php?rest_route=\/wp\/v2\/users\/1"}],"replies":[{"embeddable":true,"href":"http:\/\/www.reitanlage-oeberau.de\/index.php?rest_route=%2Fwp%2Fv2%2Fcomments&post=21"}],"version-history":[{"count":37,"href":"http:\/\/www.reitanlage-oeberau.de\/index.php?rest_route=\/wp\/v2\/pages\/21\/revisions"}],"predecessor-version":[{"id":705,"href":"http:\/\/www.reitanlage-oeberau.de\/index.php?rest_route=\/wp\/v2\/pages\/21\/revisions\/705"}],"wp:attachment":[{"href":"http:\/\/www.reitanlage-oeberau.de\/index.php?rest_route=%2Fwp%2Fv2%2Fmedia&parent=21"}],"curies":[{"name":"wp","href":"https:\/\/api.w.org\/{rel}","templated":true}]}}